= 32 + -30. List the prime factors of n/12 - a/6.
2, 3
List the prime factors of (-42)/(-12)*(1 - -1).
7
Suppose 4 + 8 = -3*h. Let a = h - -6. List the prime factors of a.
2
Suppose 1 = 2*f - 3. Let z = 1 + f. Let r = z - -2. List the prime factors of r.
5
Suppose 6 - 90 = -3*l. Suppose 0 = 2*x + 2*x - l. What are the prime factors of x?
7
Let v be ((-6)/(-5))/(4/(-10)). Let q = v - -4. List the prime factors of 19 - (q - 2)*-1.
2, 3
Let h(o) be the third derivative of -o**6/120 - 7*o**5/60 + o**4/24 + 3*o**3/2 + o**2. Let t be h(-7). What are the prime factors of 15/t*12/9?
2, 5
Suppose 2*z + 29 = 3*m - 58, 99 = 3*m + 2*z. Suppose 4*o + 2*t = 38, -2*t - m = -3*o - 3*t. What are the prime factors of o?
2, 3
Let y(b) = -b**3 + 4*b**2 - b + 1. Let p be y(3). Suppose -52 - 32 = -4*r. Let z = r - p. What are the prime factors of z?
2, 7
Let r be (-2)/12 + (-161)/42. Let l be (-4)/14 - (-121)/7. Let v = l + r. What are the prime factors of v?
13
Suppose 2*d = 5*l - 1450, 7*l - 1455 = 2*l + 3*d. What are the prime factors of l?
2, 3
Suppose -j + 3*c - 8 = 0, 0 = -2*j - 3*c + 5*c. Let r(l) = 5*l - 1. What are the prime factors of r(j)?
19
Let f be -4 + -6*(-2)/2. List the prime factors of (f/(-5))/((-4)/460).
2, 23
Let i = 117 + -68. List the prime factors of i.
7
Let d = 15 + -16. What are the prime factors of (-2 - (0 - 0))*d?
2
Let d(n) = -2*n - 6. Let k be d(-4). Suppose k*a = a. Suppose a = -3*v + 16 - 4. List the prime factors of v.
2
Suppose -4*o - 2 = 5*c - 0, -2*o = 2*c. Suppose -2*z = o*z - 20. Suppose -6*g + g = 15, -m + z*g = -17. List the prime factors of m.
2
Let u(i) = 5*i**2 + 13*i + 50. List the prime factors of u(-7).
2, 3, 17
Let t be (-36)/16*(19 + 1). Let f be 4/10 + (-27)/t. What are the prime factors of -1 + f - 14/(-1)?
2, 7
What are the prime factors of (-2556)/54*3/(-1)?
2, 71
Suppose 2*y - 545 = -3*u, 5*u - 4*y = 3*u + 374. List the prime factors of u.
3, 61
Suppose 4*w + 0*s + 2*s = -28, -12 = 3*s. What are the prime factors of (-8)/(-24) + w/(-3)?
2
Let n be 1 - (0 - 1 - 1). Let a(p) = 3*p + 4. Let g be a(n). Let b = -5 + g. What are the prime factors of b?
2
Let c = 101 + -24. List the prime factors of c.
7, 11
Suppose -3*s + 141 = 2*s + l, 5*s + 5*l - 125 = 0. List the prime factors of s.
29
Suppose 5*k + 0*k = 55. What are the prime factors of k?
11
Let i = 2 + 2. Suppose 3*a = 5*a + 3*k - 39, -i*a = 3*k - 63. List the prime factors of a.
2, 3
Suppose -4*b + 4*p + 40 = 0, 4*p + 0*p = 5*b - 48. Let k = 16 - b. What are the prime factors of k?
2
Let a = 64 + -21. List the prime factors of a.
43
Let k(g) = 7*g + 1. Let j be k(1). List the prime factors of (-162)/(-8) + (-2)/j.
2, 5
Let m(n) = n**2 + 10*n + 2. Let q be m(-10). Suppose -62 - 10 = -q*r. Let y = -14 + r. List the prime factors of y.
2, 11
Let p be 2 - (0 - 1) - 0. Let m be 2/(2*p/15). Suppose -4*l + 32 = 3*w, 4*w - m*l + 17 = 2*w. What are the prime factors of w?
2
Suppose -l - 2 = -9. Let c = -5 + l. What are the prime factors of c?
2
Let j(t) = -27*t**3 + t**2 + t - 1. Let h be j(1). Let q = 69 + h. What are the prime factors of q?
43
Suppose -409 - 126 = -5*v. What are the prime factors of v?
107
Suppose 5*x - 4*g - 2 = 9, 4*x - 16 = -4*g. Suppose 3*r + 64 = -3*d + 7*d, x*d = 3*r + 51. What are the prime factors of d?
13
Let h = -6 + 15. Suppose -5*s + 59 = h. What are the prime factors of s?
2, 5
Let n be (-21)/(-9) + (-1)/3. Suppose p + 5*d - 4*d = 3, 4*p + n*d - 20 = 0. List the prime factors of p.
7
Suppose 12*m - 39 = 15*m. Suppose h + 21 = 2*h. Let d = m + h. List the prime factors of d.
2
Let j(o) = o**2 + 2*o + 2. Let v be j(-3). Suppose -44 = -v*m + 116. List the prime factors of m.
2
Suppose 3*l + 7 = -5, u - 47 = 3*l. What are the prime factors of u?
5, 7
Suppose -n + 3 = h, -4*h + h = -4*n - 23. List the prime factors of (0 + -2)/(n/4).
2
Let p = -2 - -6. Suppose -2 - 6 = p*x, 2*i = x + 16. List the prime factors of i.
7
Suppose 5*l - 2*l - 198 = 0. List the prime factors of l.
2, 3, 11
Let w(b) = 3*b**2 - 6*b + 1. What are the prime factors of w(4)?
5
Suppose 6 = -2*n + 4*n. List the prime factors of n*5 + 15/5.
2, 3
Suppose 6*i - 3*i - 3*r = -6, 3*r = i + 12. Suppose -i*o + 2 + 13 = 0. What are the prime factors of o?
5
Suppose 5*s = -3*a - 15, -s + 9 = 2*s. Suppose -2*w = -t - 31, 2*t + 26 = 5*w - 52. Let k = a + w. What are the prime factors of k?
2, 3
Suppose 0 = -2*f + 4*c + c + 85, -3*f - 4*c + 116 = 0. List the prime factors of f.
2, 5
Let j = -46 + 83. List the prime factors of j.
37
Let k = -16 + 18. List the prime factors of k.
2
Suppose 0*c - 3*c + 93 = 4*o, 2*o - 39 = -3*c. Let h = 17 - 16. Suppose 0 = 2*y + h - o. What are the prime factors of y?
13
Suppose -88 = -4*b - 4*b. Let l = 5 + 0. Suppose l*m - b = -1. List the prime factors of m.
2
Let g = 27 + -22. What are the prime factors of g?
5
Let u = 797 + -416. List the prime factors of u.
3, 127
List the prime factors of ((-1)/2)/((-2)/228).
3, 19
Let c = -3 - -3. Suppose c = -5*x + 2*x + 21. List the prime factors of x.
7
Let t(h) = h**2 - 6*h + 9. Let r(w) = -5*w**2 + 31*w - 45. Let f(v) = 2*r(v) + 11*t(v). What are the prime factors of f(6)?
3, 7
Let p(m) = -3*m - 28. Let u(s) = -2*s - 14. Let o(n) = -3*p(n) + 5*u(n). Let w be o(11). Suppose w + 1 = 2*t. List the prime factors of t.
2
Let x = 8 + -5. Suppose 7*a = -x*q + 2*a + 40, 30 = 3*q + 3*a. Suppose 0 = -0*n + n + q, -y + 23 = -3*n. List the prime factors of y.
2
Suppose 0 = o + 3*i - 34, 5*o - 3*i - 131 = 75. What are the prime factors of o?
2, 5
What are the prime factors of (-56)/(-7)*42/4?
2, 3, 7
Let z be (-21)/(-3) + 0/(-2). Let g = z - 2. List the prime factors of g.
5
Let i(l) = -2*l - 9. Let p be i(-7). Let w be 35 - (p - 2)/1. Suppose -4*h = -116 + w. What are the prime factors of h?
3, 7
Let v(b) = -b**2 - 3*b + 237. List the prime factors of v(0).
3, 79
Suppose -3*x - 2*w = -4*w - 5, -3*w = x - 9. Suppose x = y + 5*s - 5, -2*y + 2*s = -16. What are the prime factors of y?
2
Let j(z) = 241*z**3 - z. Let x be j(1). Suppose -3*r = 2*r - x. Suppose 3*i - 7*i = -r. List the prime factors of i.
2, 3
Suppose -4*j + 7 = -9. Let l(g) = -g**3 + 6*g**2 - 3*g - 7. Let w be l(5). Suppose -w*x + 51 = 2*x + j*m, 38 = 3*x - 5*m. What are the prime factors of x?
11
Let g(h) = 2*h**2 + 2*h - 1. Let z be g(-2). Suppose z*s + 2*q = 8*s + 40, q = 5. What are the prime factors of 44/6 + (-4)/s?
2
Let v be (-1)/3 + 46/(-6). Let s = v - -17. List the prime factors of s.
3
Suppose 0 = -5*a + a + 8. Let n be a - -10 - -2 - 2. Suppose 5*b - 5*d - 60 = 0, 3*d + n = -0*d. What are the prime factors of b?
2
Let l(v) = -v + 6. Let o be l(6). Suppose -2*c - 5 + 1 = o. What are the prime factors of 2/(0 + c)*-5?
5
Let d = -89 - -45. Let a = d - -91. What are the prime factors of a?
47
Let f = -57 - -92. List the prime factors of f.
5, 7
Suppose -20 - 1 = -7*z. What are the prime factors of z?
3
List the prime factors of (-5)/((-3)/(12 + -3)) + 3.
2, 3
Let u = 0 + 8. What are the prime factors of u?
2
Let a = -10 + 12. Suppose -3*f - 2 + 11 = 0, -5*f = -a*w + 35. What are the prime factors of w?
5
Let l(s) = 12*s**3 + s**2. Let u be l(1). Let q = u + -1. What are the prime factors of q?
2, 3
Let m be (10/(-15))/(2/21). Let z(f) = -f**3 - 6*f**2 + 6*f + 5. What are the prime factors of z(m)?
2, 3
Suppose -4*o + 4*q = -8, 3*o - 3*q + 8*q = -2. What are the prime factors of 3/2*o*2?
3
Suppose 5*y - 166 - 584 = 0. What are the prime factors of y?
2, 3, 5
Let k(u) be the second derivative of -u**3/6 - 9*u**2/2 + 3*u. Let y be k(-9). Suppose y*j = 3*j - 36. What are the prime factors of j?
2, 3
Let k(q) = 5 - 2*q + 4*q**3 - 5*q**3 - 2 + 3*q**2. Let v be k(2). Let p = v + 1. What are the prime factors of p?
2
Let i = 13 - 1. What are the prime factors of i?
2, 3
Let o be ((-2)/2)/((-2)/6). Suppose o*f + f = 0. Suppose f*k - 5*k = -45. List the prime factors of k.
3
Let b = 20 - -8. Let z = b + -14. Let l = 25 - z. What are the prime factors of l?
11
Suppose 4*l + 20 = -l. Let o be (-10)/l*24/4. Let g = o - 5. What are the prime factors of g?
2, 5
Suppose 21 - 72 = -f. What are the prime factors of f?
3, 17
Let z(t) = t**2 + 2. Suppose 2*p = -2*p - 12. List the prime factors of z(p).
11
Let n(c) = -4*c**3 - 1. Let y be n(1). Let i = 1 - y. What